94. Is i composite?
False
Let y(g) = -8803*g + 7511. Is y(-26) composite?
True
Let y = 91233 + -49834. Is y composite?
False
Suppose -16*n + 75377 = b - 17*n, -2*n + 226151 = 3*b. Is b prime?
False
Suppose -n + 1566 = 1541. Suppose 27*k - n*k = 2954. Is k composite?
True
Let f be 45/165 + 31184/44. Suppose b + 2*v = -322, -1214 + 253 = 3*b + v. Let x = f + b. Is x a composite number?
False
Let l = 27 + -27. Let q be 8 - 2 - (l - -2). Suppose 6 + 4 = 5*y, -3*p = q*y - 2639. Is p prime?
True
Suppose -2*o + 35 = 5*o. Suppose o*h = 3*h + 8. Suppose -5*z - v = -262, h*z - 3*z - 68 = 5*v. Is z composite?
False
Is (-2 + 1638933/18)/((-34 + 6)/(-168)) composite?
True
Let g = -56195 - -307582. Is g prime?
True
Let f = -34 + 51. Let h(z) be the second derivative of 40*z**3/3 + z**2/2 + 3351*z. Is h(f) prime?
True
Suppose -2*n - 25*q + 22*q = -148380, q + 371001 = 5*n. Is n a composite number?
True
Suppose -r - 5*a + 13586 = 0, -67874 = -5*r + 2*a + a. Suppose 3*h - r = -5*t, 2*t + t - h - 8154 = 0. Let z = 129 + t. Is z composite?
True
Let r(a) = -70399*a - 492. Is r(-1) a composite number?
True
Is ((-15688)/1110*11082/(-4))/((-2)/(-5)) a composite number?
True
Let r = -325 + 235. Is (21 + r)*5/(-3) composite?
True
Let u(t) = 7*t**2 + t + 5. Let a(p) = -p**2 - 6*p - 10. Let h be 4*2*(-8)/16. Let q be a(h). Is u(q) a prime number?
True
Let d(l) = l**3 + 7*l**2 + 2*l + 6. Let k be d(-5). Let f = k - 41. Suppose 0 = m + q - 795, m - f*m + 2*q + 3156 = 0. Is m prime?
False
Let k(r) = 796*r**2 + 72*r - 807. Is k(14) a composite number?
False
Let u(f) = -f**2 - 1. Let n(x) = -6*x**2 - 3*x + 1. Let g(s) = n(s) - 5*u(s). Let i be g(0). Let j(q) = 16*q**2 + 3*q - 7. Is j(i) composite?
False
Let v = 915006 - 632879. Is v composite?
False
Let r = -158789 - -237048. Is r a composite number?
False
Let f(c) = 7*c**2 - 22. Suppose 6*y - 11 = 1. Suppose -5*l - y*t = 2*t + 49, 2*l = -3*t - 21. Is f(l) composite?
True
Let g(f) = -6481*f + 2550. Is g(-3) a composite number?
True
Let f(a) = 332*a**2 + 74*a + 265. Is f(-14) composite?
False
Let i be -4*((-7)/4)/(7/56). Let u = 60 - i. Suppose -1134 = -u*g + 1542. Is g a prime number?
False
Let c be (84/(-140))/((-1)/(-45)). Is 77077/117 - 6/c composite?
False
Let p = -1347 - -1354. Let k(z) = 2*z - 1. Let l be k(2). Suppose -3*v - l*g + 5887 = -p*g, 9840 = 5*v - g. Is v a composite number?
True
Let j(d) = 3*d**2 - 22*d + 67. Suppose 10 = 2*o, -2*f - 5*o - 12 = 3. Is j(f) composite?
True
Let z = 15678 + 6665. Is z a composite number?
False
Suppose -4*n + 17828 + 175785 = -5*d, -n = -4*d - 48395. Is n prime?
True
Let j = -276 + 1542. Is 6 + (j - 35/(-5)) composite?
False
Suppose -g - 2*j = -420671, -30*g - 3*j = -32*g + 841342. Is g composite?
False
Let t be ((-6)/(-4))/((-3)/12). Let p(y) be the second derivative of -13*y**3/2 + 33*y**2/2 + 61*y. Is p(t) composite?
True
Let g be ((-19)/3)/((-2)/(-6)). Let p = g - -59. Let b = 121 + p. Is b prime?
False
Let g(u) be the third derivative of 19*u**4/2 + 55*u**3/6 - 4*u**2 + 2. Is g(22) composite?
True
Let d(w) = -87 + 0*w**2 - w**2 - 34*w + 93. Let c(x) = 5*x**2 + 170*x - 29. Let f(j) = 2*c(j) + 11*d(j). Is f(-19) composite?
False
Suppose 0 = -3*h + h + 2*g + 3396, -g + 3396 = 2*h. Suppose 3*k + 3*k = h. Let c = k + 486. Is c a composite number?
False
Let m(d) = -166734*d - 2101. Is m(-7) a composite number?
False
Let i = -215 - -175. Is 686 + (60/i)/(1/2) a prime number?
True
Suppose 175783 = 2*u + 5*x, -4*u - 75*x + 72*x = -351503. Is u a composite number?
False
Let a(d) = -17*d**3 + 11*d**2 + d - 2. Is a(-15) a prime number?
True
Let l(n) = 66*n**2 + 46. Let s be l(13). Suppose 0 = -h + s - 4359. Is h a composite number?
False
Let r = -59 - -61. Is -1 - 4/r - -442 composite?
False
Let g = -586 - -558. Is (-20)/(-35) - 16532/g prime?
False
Let l(o) = o**2 - 23*o + 23. Let k be l(22). Is (-5 + -3 - -2103)*(k + 0) a prime number?
False
Suppose 28*k = -4*i + 23*k + 388272, -4*k - 194162 = -2*i. Is i composite?
False
Suppose 549*l - 17932603 + 3574606 = 0. Is l a prime number?
True
Suppose -7798 - 19222 = -28*c. Suppose 4*y = 3*z + 1264, 3*y = -2*z - 0*z + c. Is y composite?
True
Suppose 2*i - 12 = -g, i - 7 = 43*g - 44*g. Suppose 68560 = g*t + 17406. Is t a composite number?
False
Suppose v = 2*v + 8*v. Suppose 2*h + v*h = 148. Suppose -s - h + 729 = 0. Is s a composite number?
True
Suppose -18003*k = -18004*k + 55691. Is k a prime number?
True
Suppose 0 = -3*h + b - 7492, -3*h - 3*b = -h + 5002. Let o = h + 5077. Is o a prime number?
True
Suppose 46*d = -9*d + 15695735. Is d composite?
False
Let o = 230 - 254. Is (132/(-10))/(-1) - o/30 a prime number?
False
Suppose 0 = 3*z + 57*l - 53*l - 52406, -l - 69843 = -4*z. Is z a composite number?
True
Let u(i) = -43220*i - 9. Is u(-5) prime?
True
Is (-374824)/(-6)*(-15)/(-20)*1 composite?
False
Let k be (-8)/36 + 43/(-9). Let n be 12/(-20)*k + 60. Suppose 0 = 64*c - n*c - 251. Is c a composite number?
False
Let j = 9 - 6. Let t = 783 + -780. Suppose 2*r + t*i - 222 = 4*i, 4*r - 448 = j*i. Is r a prime number?
True
Suppose -4*r + 282 + 2378 = 4*l, -2*r = -4*l - 1312. Suppose 0 = k - r + 48. Is k composite?
True
Suppose 4*b + 171 = b. Let r be (-22724)/b - 1/(-3). Suppose -4 = -4*p, 0*p - r = -z + 2*p. Is z a prime number?
True
Let s(j) = j**2 - 8*j - 46. Let p be s(12). Suppose n - f - 1012 = 133, -5*n - p*f + 5697 = 0. Is n a prime number?
False
Let w be (-11)/(132/(-8))*12. Suppose -4*u + 4*q + 0*q = -30532, -2*q + w = 0. Is u a composite number?
True
Let f(w) = 2*w**2 + w - 4. Let n be f(-2). Suppose -n*p + 668 = j - 1445, 0 = p - 1. Is j composite?
False
Let y(l) = 16*l**3 + 12*l**2 + 27*l - 1. Let d be y(12). Suppose -8*k = 9*k - d. Is k prime?
True
Suppose -2261 - 349 = -w. Suppose 5*g - z - 4870 = 8174, 0 = -g - z + w. Is g composite?
False
Let q(o) = -272*o + 30 - 6 + 158*o. Let h be q(-7). Let l = 659 + h. Is l a prime number?
True
Let q(h) = 378*h**2 + 3*h + 10. Suppose -j + 15 = -4*j. Is q(j) a prime number?
False
Let w be -3 - (-4)/4 - -4111. Let q = w + -7037. Let x = -1991 - q. Is x a prime number?
True
Let i = 71 - 71. Suppose -2*c + 3*t = -276, 4*c - t = 343 + 189. Suppose -4*z + 2*m = -c - 1174, -4*z + 3*m + 1307 = i. Is z a prime number?
False
Suppose -17*i - 22*i + 25*i = -2582006. Is i a composite number?
True
Let q(o) = -3*o**2 + 4*o - 53. Let d be q(-24). Let b = d - -3570. Is b a prime number?
True
Suppose 8*l = 9*l - 5*o - 290899, 0 = -8*l - 3*o + 2327450. Is l a prime number?
False
Is 3 + 76/(18 + 1) + (-85244)/(-2) a prime number?
False
Is (-3)/2*310415840/(-1680) a composite number?
False
Let l(a) = -a**3 - 81*a**2 + 77*a - 83. Is l(-84) prime?
False
Let c be (2 + 2 + -4)/2. Suppose 4*g + s - 19639 = c, 21*s - 18*s = g - 4900. Is g prime?
True
Let p(t) = -17*t + 53. Let o(d) = 8*d - 27. Let y(w) = -7*o(w) - 3*p(w). Let u be y(5). Suppose -4*x + 413 = n, -4*x + u*n + 403 = -4. Is x composite?
False
Suppose -4*y + 49820 = -3*m, 0 = -4*y - y - 4*m + 62275. Suppose 2*w + 0*w + y = 5*j, 2*j = -2*w + 4968. Is j prime?
False
Let q = 24632 - -116. Suppose -q = 2*r - 6*r. Is r composite?
True
Let b be ((-8)/14)/((-82)/614467). Is b - -1 - 8/(-1 + 3) a composite number?
True
Let l(f) = -920*f + 103. Is l(-49) prime?
False
Let j = -323481 - -456142. Is j a composite number?
False
Let w = -5068 + 12586. Let c = w + -323. Is c a prime number?
False
Suppose 2*v = 7*h - 32833, 2*v = 2*h - 15069 + 5691. Is h a composite number?
False
Let n = 27585 - -62168. Is n a prime number?
True
Suppose -241818 = -5*w + 2*b, -29220 = -2*w - 2*b + 67496. Is w a composite number?
True
Let q(v) = -v**2 - 10*v - 5. Let g be q(-9). Suppose 0*h - h = 2, -5*h = -g*o + 13446. Is o composite?
False
Suppose -h + 4*b - 193 = 0, 5*h + 3*b + 62 = -972. Let n = -94 - h. Let t = -14 + n. Is t prime?
True
Suppose -46488 + 99511 = 4*i - 146213. Is i composite?
True
Suppose 132061 - 673681 = 18*j. Let i = -10013 - j. Is i prime?
False
Suppose 0 = 108*y - 23191081 - 12691163. Is y prime?
False
Suppose -5481 = -3*c + 10461. Is c a composite number?
True
Let x be 4400/24 - 2/6. Let c = x - 331. Let h = c - -325. Is h a composite number?
True
Let r = -18112 - -47963. Is r a composite number?
False
Suppose -28 = f - 26. Is (2 + -2233)/((-5)/(3 - f)) a prim